{"id":8150,"date":"2021-10-07T22:39:38","date_gmt":"2021-10-08T01:39:38","guid":{"rendered":"http:\/\/coalco.cl\/web\/?page_id=8150"},"modified":"2022-05-08T22:59:37","modified_gmt":"2022-05-09T01:59:37","slug":"mision-y-vision","status":"publish","type":"page","link":"https:\/\/www.coalco.cl\/web\/mision-y-vision\/","title":{"rendered":"Misi\u00f3n y Visi\u00f3n"},"content":{"rendered":"<style type=\"text\/css\"> \n#cmsmasters_row_69ef6c2d177141_75175014 .cmsmasters_row_outer_parent { \n\tpadding-top: 100px; \n} \n\n#cmsmasters_row_69ef6c2d177141_75175014 .cmsmasters_row_outer_parent { \n\tpadding-bottom: 100px; \n} \n\n \n#cmsmasters_heading_69ef6c2d17847 { \n\ttext-align:left; \n\tmargin-top:30px; \n\tmargin-bottom:10px; \n} \n\n#cmsmasters_heading_69ef6c2d17847 .cmsmasters_heading { \n\ttext-align:left; \n} \n\n#cmsmasters_heading_69ef6c2d17847 .cmsmasters_heading, #cmsmasters_heading_69ef6c2d17847 .cmsmasters_heading a { \n\tfont-size:60px; \n\tfont-weight:bolder; \n\tfont-style:normal; \n} \n\n#cmsmasters_heading_69ef6c2d17847 .cmsmasters_heading_divider { \n} \n\n@media (max-width: 767px) {\n\n#cmsmasters_heading_69ef6c2d17847 .cmsmasters_heading, #cmsmasters_heading_69ef6c2d17847 .cmsmasters_heading a { \n\tfont-size:45px; \n} \n\n} \n\n \n#cmsmasters_heading_69ef6c2d179ca { \n\ttext-align:left; \n\tmargin-top:30px; \n\tmargin-bottom:10px; \n} \n\n#cmsmasters_heading_69ef6c2d179ca .cmsmasters_heading { \n\ttext-align:left; \n} \n\n#cmsmasters_heading_69ef6c2d179ca .cmsmasters_heading, #cmsmasters_heading_69ef6c2d179ca .cmsmasters_heading a { \n\tfont-size:60px; \n\tfont-weight:bolder; \n\tfont-style:normal; \n} \n\n#cmsmasters_heading_69ef6c2d179ca .cmsmasters_heading_divider { \n} \n\n@media (max-width: 767px) {\n\n#cmsmasters_heading_69ef6c2d179ca .cmsmasters_heading, #cmsmasters_heading_69ef6c2d179ca .cmsmasters_heading a { \n\tfont-size:45px; \n} \n\n} \n\n \n#cmsmasters_row_69ef6c2d17a645_39743021 { \n\tbackground-color:rgba(0,112,151,0.29);\n} \n\n#cmsmasters_row_69ef6c2d17a645_39743021 .cmsmasters_row_outer_parent { \n\tpadding-top: 90px; \n} \n\n#cmsmasters_row_69ef6c2d17a645_39743021 .cmsmasters_row_outer_parent { \n\tpadding-bottom: 100px; \n} \n\n \n#cmsmasters_heading_69ef6c2d17bac { \n\ttext-align:left; \n\tmargin-top:30px; \n\tmargin-bottom:10px; \n} \n\n#cmsmasters_heading_69ef6c2d17bac .cmsmasters_heading { \n\ttext-align:left; \n} \n\n#cmsmasters_heading_69ef6c2d17bac .cmsmasters_heading, #cmsmasters_heading_69ef6c2d17bac .cmsmasters_heading a { \n\tfont-size:60px; \n\tfont-weight:bolder; \n\tfont-style:normal; \n} \n\n#cmsmasters_heading_69ef6c2d17bac .cmsmasters_heading_divider { \n} \n\n@media (max-width: 767px) {\n\n#cmsmasters_heading_69ef6c2d17bac .cmsmasters_heading, #cmsmasters_heading_69ef6c2d17bac .cmsmasters_heading a { \n\tfont-size:45px; \n} \n\n} \n\n \n#cmsmasters_heading_69ef6c2d17e2a { \n\ttext-align:left; \n\tmargin-top:30px; \n\tmargin-bottom:10px; \n} \n\n#cmsmasters_heading_69ef6c2d17e2a .cmsmasters_heading { \n\ttext-align:left; \n} \n\n#cmsmasters_heading_69ef6c2d17e2a .cmsmasters_heading, #cmsmasters_heading_69ef6c2d17e2a .cmsmasters_heading a { \n\tfont-size:60px; \n\tfont-weight:bolder; \n\tfont-style:normal; \n} \n\n#cmsmasters_heading_69ef6c2d17e2a .cmsmasters_heading_divider { \n} \n\n@media (max-width: 767px) {\n\n#cmsmasters_heading_69ef6c2d17e2a .cmsmasters_heading, #cmsmasters_heading_69ef6c2d17e2a .cmsmasters_heading a { \n\tfont-size:45px; \n} \n\n} \n\n<\/style><div id=\"cmsmasters_row_69ef6c2d177141_75175014\" class=\"cmsmasters_row cmsmasters_color_scheme_default cmsmasters_row_top_default cmsmasters_row_bot_default cmsmasters_row_boxed\">\n<div class=\"cmsmasters_row_outer_parent\">\n<div class=\"cmsmasters_row_outer\">\n<div class=\"cmsmasters_row_inner\">\n<div class=\"cmsmasters_row_margin\">\n<div class=\"cmsmasters_column one_half\">\n\n<div id=\"cmsmasters_heading_69ef6c2d17847\" class=\"cmsmasters_heading_wrap cmsmasters_heading_align_left\">\n\t<h1 class=\"cmsmasters_heading\">Misi\u00f3n<\/h1>\n<\/div><div class=\"cmsmasters_text\">\n<p>Formar y educar personas integrales.<\/p>\n<\/div>\n<\/div>\n<div class=\"cmsmasters_column one_half\">\n\n<div id=\"cmsmasters_heading_69ef6c2d179ca\" class=\"cmsmasters_heading_wrap cmsmasters_heading_align_left\">\n\t<h1 class=\"cmsmasters_heading\">Visi\u00f3n<\/h1>\n<\/div><div class=\"cmsmasters_text\">\n<p>Hacer de nuestro establecimiento un colegio de excelencia comprometido con la diversidad.<\/p>\n<\/div>\n<\/div>\n<\/div>\n<\/div>\n<\/div>\n<\/div>\n<\/div>\n<div id=\"cmsmasters_row_69ef6c2d17a645_39743021\" class=\"cmsmasters_row cmsmasters_color_scheme_default cmsmasters_row_top_default cmsmasters_row_bot_default cmsmasters_row_boxed\">\n<div class=\"cmsmasters_row_outer_parent\">\n<div class=\"cmsmasters_row_outer\">\n<div class=\"cmsmasters_row_inner\">\n<div class=\"cmsmasters_row_margin\">\n<div class=\"cmsmasters_column one_half\">\n\n<div id=\"cmsmasters_heading_69ef6c2d17bac\" class=\"cmsmasters_heading_wrap cmsmasters_heading_align_left\">\n\t<h1 class=\"cmsmasters_heading\">Sellos Educativos<\/h1>\n<\/div><div class=\"cmsmasters_text\">\n<p>Los sellos educativos de nuestro proyecto institucional son:<\/p>\n<p><strong>SOCIAL\u00a0\u00a0\u00a0\u00a0\u00a0\u00a0 : <\/strong>En la perspectiva de mejorar los aprendizajes, se tiene ocupaci\u00f3n y acciones concretas en torno a intervenir desde el foco social a los y las estudiantes y su familia.<\/p>\n<p><strong>FACTOR PROTECTOR INCLUSIVO: <\/strong>La comunidad reconoce que el colegio a nivel de estudiantes, padres y apoderados les brinda protecci\u00f3n y acogida, expresado en el reconocimiento a la diversidad.<\/p>\n<p><strong>DESARROLLO HUMANO: <\/strong>Cuyo prop\u00f3sito es que los estudiantes, padres, apoderados, obtengan las herramientas para lograr una transformaci\u00f3n integral, en los \u00e1mbitos, cognitivo, biol\u00f3gico, emocional, social, espiritual y la relaci\u00f3n con el medio.<\/p>\n<p><strong>PREFERENCIA T\u00c9CNICO PROFESIONAL: <\/strong>Genera condiciones de preparaci\u00f3n con una salida intermedia en la formaci\u00f3n t\u00e9cnico profesional.<\/p>\n<\/div>\n<\/div>\n<div class=\"cmsmasters_column one_half\">\n\n<div id=\"cmsmasters_heading_69ef6c2d17e2a\" class=\"cmsmasters_heading_wrap cmsmasters_heading_align_left\">\n\t<h1 class=\"cmsmasters_heading\">Valores<\/h1>\n<\/div><div class=\"cmsmasters_text\">\n<p>Entendemos los valores como un conjunto de criterios en relaci\u00f3n a los cuales se mide la realizaci\u00f3n en existencia, actitud y acci\u00f3n de aquello que los respectivos vocablos nombran.<\/p>\n<p>Los valores a cultivar en el Colegio Alerce son:<\/p>\n<ul>\n<li><strong>Perseverancia<\/strong>: Llevar a cabo las actividades necesarias para alcanzar lo decidido, aunque surjan dificultades internas o externas.<\/li>\n<li><strong>Responsabilidad<\/strong>: Asumir las consecuencias de los actos intencionados, resultado de las decisiones que tome o acepte; tambi\u00e9n de sus actos no intencionados. Obligaci\u00f3n de responder por los actos propios, as\u00ed como tambi\u00e9n por sus efectos.<\/li>\n<li><strong>Compromiso:<\/strong> Coherencia de la historia personal con los valores declarados y adhesi\u00f3n a ideas, personas y causas en un marco de respeto a los derechos de los dem\u00e1s.<\/li>\n<li><strong>Honestidad:<\/strong> Prohibici\u00f3n de apoderarse de lo ajeno (sean bienes, objetos u ideas); es decir, toda la clase de pertenencias. Ser integro, veraz, transparente.<\/li>\n<li><strong>Optimismo: <\/strong>Confiar en sus propias posibilidades y en la ayuda que le puedan prestar los dem\u00e1s.<\/li>\n<li><strong>Respeto: <\/strong>Actuar o dejar actuar, procurando no perjudicar, ni dejar de beneficiarse a s\u00ed mismo ni a los dem\u00e1s de acuerdo con sus derechos, con su condici\u00f3n y con sus circunstancias.<\/li>\n<\/ul>\n<\/div>\n<\/div>\n<\/div>\n<\/div>\n<\/div>\n<\/div>\n<\/div>\n\n","protected":false},"excerpt":{"rendered":"","protected":false},"author":1,"featured_media":0,"parent":0,"menu_order":0,"comment_status":"closed","ping_status":"closed","template":"","meta":{"footnotes":""},"class_list":["post-8150","page","type-page","status-publish","hentry"],"yoast_head":"<!-- This site is optimized with the Yoast SEO plugin v27.4 - https:\/\/yoast.com\/product\/yoast-seo-wordpress\/ -->\n<title>Misi\u00f3n y Visi\u00f3n - Colegio Alerce<\/title>\n<meta name=\"robots\" content=\"index, follow, max-snippet:-1, max-image-preview:large, max-video-preview:-1\" \/>\n<link rel=\"canonical\" href=\"https:\/\/www.coalco.cl\/web\/mision-y-vision\/\" \/>\n<meta property=\"og:locale\" content=\"es_ES\" \/>\n<meta property=\"og:type\" content=\"article\" \/>\n<meta property=\"og:title\" content=\"Misi\u00f3n y Visi\u00f3n - Colegio Alerce\" \/>\n<meta property=\"og:url\" content=\"https:\/\/www.coalco.cl\/web\/mision-y-vision\/\" \/>\n<meta property=\"og:site_name\" content=\"Colegio Alerce\" \/>\n<meta property=\"article:modified_time\" content=\"2022-05-09T01:59:37+00:00\" \/>\n<meta name=\"twitter:card\" content=\"summary_large_image\" \/>\n<meta name=\"twitter:label1\" content=\"Tiempo estimado de lectura\" \/>\n\t<meta name=\"twitter:data1\" content=\"3 minutos\" \/>\n<script type=\"application\/ld+json\" class=\"yoast-schema-graph\">{\"@context\":\"https:\\\/\\\/schema.org\",\"@graph\":[{\"@type\":\"WebPage\",\"@id\":\"https:\\\/\\\/www.coalco.cl\\\/web\\\/mision-y-vision\\\/\",\"url\":\"https:\\\/\\\/www.coalco.cl\\\/web\\\/mision-y-vision\\\/\",\"name\":\"Misi\u00f3n y Visi\u00f3n - Colegio Alerce\",\"isPartOf\":{\"@id\":\"https:\\\/\\\/www.coalco.cl\\\/web\\\/#website\"},\"datePublished\":\"2021-10-08T01:39:38+00:00\",\"dateModified\":\"2022-05-09T01:59:37+00:00\",\"breadcrumb\":{\"@id\":\"https:\\\/\\\/www.coalco.cl\\\/web\\\/mision-y-vision\\\/#breadcrumb\"},\"inLanguage\":\"es-CL\",\"potentialAction\":[{\"@type\":\"ReadAction\",\"target\":[\"https:\\\/\\\/www.coalco.cl\\\/web\\\/mision-y-vision\\\/\"]}]},{\"@type\":\"BreadcrumbList\",\"@id\":\"https:\\\/\\\/www.coalco.cl\\\/web\\\/mision-y-vision\\\/#breadcrumb\",\"itemListElement\":[{\"@type\":\"ListItem\",\"position\":1,\"name\":\"Home\",\"item\":\"https:\\\/\\\/www.coalco.cl\\\/web\\\/\"},{\"@type\":\"ListItem\",\"position\":2,\"name\":\"Misi\u00f3n y Visi\u00f3n\"}]},{\"@type\":\"WebSite\",\"@id\":\"https:\\\/\\\/www.coalco.cl\\\/web\\\/#website\",\"url\":\"https:\\\/\\\/www.coalco.cl\\\/web\\\/\",\"name\":\"Colegio Alerce\",\"description\":\"\",\"publisher\":{\"@id\":\"https:\\\/\\\/www.coalco.cl\\\/web\\\/#organization\"},\"inLanguage\":\"es-CL\"},{\"@type\":\"Organization\",\"@id\":\"https:\\\/\\\/www.coalco.cl\\\/web\\\/#organization\",\"name\":\"Colegio Alerce\",\"url\":\"https:\\\/\\\/www.coalco.cl\\\/web\\\/\",\"logo\":{\"@type\":\"ImageObject\",\"inLanguage\":\"es-CL\",\"@id\":\"https:\\\/\\\/www.coalco.cl\\\/web\\\/#\\\/schema\\\/logo\\\/image\\\/\",\"url\":\"https:\\\/\\\/www.coalco.cl\\\/web\\\/wp-content\\\/uploads\\\/2025\\\/12\\\/cropped-cropped-cropped-RETINA.png\",\"contentUrl\":\"https:\\\/\\\/www.coalco.cl\\\/web\\\/wp-content\\\/uploads\\\/2025\\\/12\\\/cropped-cropped-cropped-RETINA.png\",\"width\":512,\"height\":512,\"caption\":\"Colegio Alerce\"},\"image\":{\"@id\":\"https:\\\/\\\/www.coalco.cl\\\/web\\\/#\\\/schema\\\/logo\\\/image\\\/\"}}]}<\/script>\n<!-- \/ Yoast SEO plugin. -->","yoast_head_json":{"title":"Misi\u00f3n y Visi\u00f3n - Colegio Alerce","robots":{"index":"index","follow":"follow","max-snippet":"max-snippet:-1","max-image-preview":"max-image-preview:large","max-video-preview":"max-video-preview:-1"},"canonical":"https:\/\/www.coalco.cl\/web\/mision-y-vision\/","og_locale":"es_ES","og_type":"article","og_title":"Misi\u00f3n y Visi\u00f3n - Colegio Alerce","og_url":"https:\/\/www.coalco.cl\/web\/mision-y-vision\/","og_site_name":"Colegio Alerce","article_modified_time":"2022-05-09T01:59:37+00:00","twitter_card":"summary_large_image","twitter_misc":{"Tiempo estimado de lectura":"3 minutos"},"schema":{"@context":"https:\/\/schema.org","@graph":[{"@type":"WebPage","@id":"https:\/\/www.coalco.cl\/web\/mision-y-vision\/","url":"https:\/\/www.coalco.cl\/web\/mision-y-vision\/","name":"Misi\u00f3n y Visi\u00f3n - Colegio Alerce","isPartOf":{"@id":"https:\/\/www.coalco.cl\/web\/#website"},"datePublished":"2021-10-08T01:39:38+00:00","dateModified":"2022-05-09T01:59:37+00:00","breadcrumb":{"@id":"https:\/\/www.coalco.cl\/web\/mision-y-vision\/#breadcrumb"},"inLanguage":"es-CL","potentialAction":[{"@type":"ReadAction","target":["https:\/\/www.coalco.cl\/web\/mision-y-vision\/"]}]},{"@type":"BreadcrumbList","@id":"https:\/\/www.coalco.cl\/web\/mision-y-vision\/#breadcrumb","itemListElement":[{"@type":"ListItem","position":1,"name":"Home","item":"https:\/\/www.coalco.cl\/web\/"},{"@type":"ListItem","position":2,"name":"Misi\u00f3n y Visi\u00f3n"}]},{"@type":"WebSite","@id":"https:\/\/www.coalco.cl\/web\/#website","url":"https:\/\/www.coalco.cl\/web\/","name":"Colegio Alerce","description":"","publisher":{"@id":"https:\/\/www.coalco.cl\/web\/#organization"},"inLanguage":"es-CL"},{"@type":"Organization","@id":"https:\/\/www.coalco.cl\/web\/#organization","name":"Colegio Alerce","url":"https:\/\/www.coalco.cl\/web\/","logo":{"@type":"ImageObject","inLanguage":"es-CL","@id":"https:\/\/www.coalco.cl\/web\/#\/schema\/logo\/image\/","url":"https:\/\/www.coalco.cl\/web\/wp-content\/uploads\/2025\/12\/cropped-cropped-cropped-RETINA.png","contentUrl":"https:\/\/www.coalco.cl\/web\/wp-content\/uploads\/2025\/12\/cropped-cropped-cropped-RETINA.png","width":512,"height":512,"caption":"Colegio Alerce"},"image":{"@id":"https:\/\/www.coalco.cl\/web\/#\/schema\/logo\/image\/"}}]}},"_links":{"self":[{"href":"https:\/\/www.coalco.cl\/web\/wp-json\/wp\/v2\/pages\/8150","targetHints":{"allow":["GET"]}}],"collection":[{"href":"https:\/\/www.coalco.cl\/web\/wp-json\/wp\/v2\/pages"}],"about":[{"href":"https:\/\/www.coalco.cl\/web\/wp-json\/wp\/v2\/types\/page"}],"author":[{"embeddable":true,"href":"https:\/\/www.coalco.cl\/web\/wp-json\/wp\/v2\/users\/1"}],"replies":[{"embeddable":true,"href":"https:\/\/www.coalco.cl\/web\/wp-json\/wp\/v2\/comments?post=8150"}],"version-history":[{"count":11,"href":"https:\/\/www.coalco.cl\/web\/wp-json\/wp\/v2\/pages\/8150\/revisions"}],"predecessor-version":[{"id":10282,"href":"https:\/\/www.coalco.cl\/web\/wp-json\/wp\/v2\/pages\/8150\/revisions\/10282"}],"wp:attachment":[{"href":"https:\/\/www.coalco.cl\/web\/wp-json\/wp\/v2\/media?parent=8150"}],"curies":[{"name":"wp","href":"https:\/\/api.w.org\/{rel}","templated":true}]}}